divided by 32.
20
What is the remainder when 79077880 is divided by 737?
728
What is the remainder when 183310035 is divided by 11?
7
What is the remainder when 144637 is divided by 35254?
3621
What is the remainder when 31059941 is divided by 35?
31
What is the remainder when 168288 is divided by 168154?
134
Calculate the remainder when 821030 is divided by 6729.
92
Calculate the remainder when 62031059 is divided by 4369.
4366
What is the remainder when 2052452 is divided by 14555?
197
Calculate the remainder when 118361 is divided by 78.
35
Calculate the remainder when 304406 is divided by 101205.
791
Calculate the remainder when 14423 is divided by 326.
79
What is the remainder when 415033 is divided by 1722?
31
What is the remainder when 3607104 is divided by 45?
39
What is the remainder when 8028532 is divided by 2046?
28
Calculate the remainder when 1283124 is divided by 59.
51
What is the remainder when 965961964 is divided by 6437?
6433
Calculate the remainder when 47118859 is divided by 95.
94
What is the remainder when 36684918 is divided by 273?
270
What is the remainder when 1976517 is divided by 988257?
3
What is the remainder when 6415198 is divided by 25?
23
Calculate the remainder when 112366 is divided by 8641.
33
Calculate the remainder when 58351 is divided by 2664.
2407
Calculate the remainder when 2350986 is divided by 470194.
16
What is the remainder when 54464787 is divided by 6?
3
Calculate the remainder when 36780 is divided by 2902.
1956
Calculate the remainder when 178544 is divided by 1610.
1444
What is the remainder when 606871 is divided by 6456?
7
Calculate the remainder when 932845 is divided by 54.
49
Calculate the remainder when 1739591 is divided by 122.
115
Calculate the remainder when 1154067 is divided by 2642.
2155
Calculate the remainder when 2032877 is divided by 225871.
38
Calculate the remainder when 216445 is divided by 72137.
34
What is the remainder when 149351741 is divided by 29870347?
6
What is the remainder when 414171 is divided by 81281?
7766
What is the remainder when 4480017 is divided by 53333?
45
What is the remainder when 136105349 is divided by 2218?
2215
Calculate the remainder when 1757218 is divided by 6918.
46
Calculate the remainder when 3131904 is divided by 82418.
20
What is the remainder when 59910828 is divided by 578?
550
Calculate the remainder when 52132 is divided by 124.
52
What is the remainder when 6314 is divided by 5905?
409
What is the remainder when 178157 is divided by 2199?
38
Calculate the remainder when 16699663 is divided by 5566554.
1
Calculate the remainder when 4060360 is divided by 3802.
3626
What is the remainder when 55653186 is divided by 103?
20
Calculate the remainder when 3274364 is divided by 1851.
1796
Calculate the remainder when 52109910 is divided by 148.
146
What is the remainder when 446288 is divided by 15303?
2501
What is the remainder when 40480145 is divided by 140556?
17
What is the remainder when 54152 is divided by 5394?
212
What is the remainder when 757641 is divided by 13528?
73
What is the remainder when 1742726 is divided by 348544?
6
What is the remainder when 28400 is divided by 5?
0
What is the remainder when 1838634 is divided by 237?
225
Calculate the remainder when 463692 is divided by 3266.
3186
What is the remainder when 3074314 is divided by 1024770?
4
Calculate the remainder when 557574 is divided by 6636.
150
Calculate the remainder when 406432 is divided by 135345.
397
Calculate the remainder when 120647 is divided by 859.
387
What is the remainder when 18664 is divided by 2549?
821
Calculate the remainder when 309000 is divided by 129.
45
What is the remainder when 14329733 is divided by 955315?
8
What is the remainder when 501427 is divided by 41765?
247
What is the remainder when 924790 is divided by 18119?
721
Calculate the remainder when 7763955 is divided by 942.
933
What is the remainder when 8935792 is divided by 2978591?
19
What is the remainder when 415114 is divided by 138255?
349
Calculate the remainder when 41905459 is divided by 428.
407
Calculate the remainder when 28175733 is divided by 9022.
27
Calculate the remainder when 1535866 is divided by 9422.
80
What is the remainder when 119848 is divided by 39863?
259
What is the remainder when 67875 is divided by 11302?
63
Calculate the remainder when 2439126 is divided by 36.
18
Calculate the remainder when 43563 is divided by 10298.
2371
Calculate the remainder when 67442 is divided by 21413.
3203
Calculate the remainder when 310607 is divided by 25331.
6635
Calculate the remainder when 226775 is divided by 197.
28
Calculate the remainder when 14707755 is divided by 382.
373
Calculate the remainder when 495418564 is divided by 43.
41
What is the remainder when 17132 is divided by 3102?
1622
What is the remainder when 7624575 is divided by 368?
351
What is the remainder when 2056324 is divided by 13?
10
Calculate the remainder when 296901871 is divided by 747.
745
What is the remainder when 360182379 is divided by 6?
3
Calculate the remainder when 7148 is divided by 100.
48
What is the remainder when 330865 is divided by 1308?
1249
Calculate the remainder when 100232758 is divided by 488.
486
Calculate the remainder when 15167555 is divided by 94.
91
Calculate the remainder when 523144 is divided by 113.
67
Calculate the remainder when 18077237 is divided by 4519303.
25
Calculate the remainder when 574782 is divided by 284416.
5950
Calculate the remainder when 839145 is divided by 7234.
1
What is the remainder when 1326440 is divided by 110527?
116
What is the remainder when 26787494 is divided by 8929162?
8
What is the remainder when 33941 is divided by 8467?
73
What is the remainder when 1104810 is divided by 138087?
114
What is the remainder when 948540 is divided by 315864?
948
What is the remainder when 265851 is divided by 8573?
88
Calculate the remainder when 730163 is divided by 293.
7
What is the remainder when 5670015 is divided by 5289?
207
Calculate the remainder when 31856 is divided by 10167.
1355
What is the remainder when 573869 is divided by 3670?
1349
What is the remainder when 176779 is divided by 314?
311
Calculate the remainder when 4662363 is divided by 87966.
165
What is the remainder when 8225271 is divided by 2741755?
6
What is the remainder when 125524 is divided by 2565?
2404
What is the remainder when 4371340 is divided by 2272?
12
What is the remainder when 4206469 is divided by 2102640?
1189
What is the remainder when 46205 is divided by 691?
599
What is the remainder when 594972 is divided by 394?
32
What is the remainder when 78065324 is divided by 1452?
1448
Calculate the remainder when 10782045 is divided by 26170.
5
Calculate the remainder when 6182490 is divided by 1191.
9
Calculate the remainder when 1009581 is divided by 336497.
90
What is the remainder when 2274381 is divided by 211?
12
What is the remainder when 570655 is divided by 30034?
9
What is the remainder when 167023906 is divided by 55674634?
4
Calculate the remainder when 4284159 is divided by 54.
15
What is the remainder when 414686812 is divided by 31?
29
Calculate the remainder when 1882215 is divided by 5228.
135
What is the remainder when 34343544 is divided by 3815947?
21
Calculate the remainder when 49177 is divided by 16367.
76
Calculate the remainder when 2841258 is divided by 218558.
4
What is the remainder when 5455884 is divided by 49?
28
Calculate the remainder when 678480 is divided by 24218.
376
Calculate the remainder when 29297877 is divided by 36.
33
What is the remainder when 2649417 is divided by 64?
9
What is the remainder when 849796 is divided by 4827?
244
What is the remainder when 4152972 is divided by 3242?
3212
What is the remainder when 199271 is divided by 249?
71
What is the remainder when 174523 is divided by 45?
13
Calculate the remainder when 8783902 is divided by 2005.
2002
Calculate the remainder when 205120619 is divided by 51.
47
What is the remainder when 79615079 is divided by 49?
26
What is the remainder when 39351146 is divided by 927?
923
Calculate the remainder when 72136 is divided by 2385.
586
What is the remainder when 33773759 is divided by 960?
959
What is the remainder when 463454056 is divided by 439?
0
Wh